me factors of 1352067.
3, 29, 15541
What are the prime factors of 117688?
2, 47, 313
What are the prime factors of 606680?
2, 5, 29, 523
What are the prime factors of 54581?
54581
What are the prime factors of 1348844?
2, 7, 67, 719
List the prime factors of 10014010.
2, 5, 1001401
What are the prime factors of 121913?
11, 11083
What are the prime factors of 25100314?
2, 23, 89, 6131
List the prime factors of 1218366.
2, 3, 113, 599
What are the prime factors of 1441122?
2, 3, 181, 1327
List the prime factors of 664447.
7, 23, 4127
List the prime factors of 233795.
5, 19, 23, 107
What are the prime factors of 156383?
17, 9199
What are the prime factors of 1512922?
2, 61, 12401
List the prime factors of 1081899.
3, 7, 13, 1321
What are the prime factors of 521381?
7, 211, 353
What are the prime factors of 296286?
2, 3, 19, 23, 113
What are the prime factors of 12598?
2, 6299
What are the prime factors of 330253?
7, 11, 4289
List the prime factors of 6933313.
1259, 5507
List the prime factors of 29162856.
2, 3, 97, 12527
What are the prime factors of 12950684?
2, 31, 71, 1471
What are the prime factors of 10005625?
5, 7, 2287
List the prime factors of 62499.
3, 83, 251
What are the prime factors of 3641583?
3, 11, 163, 677
List the prime factors of 7434339.
3, 11, 19, 71, 167
What are the prime factors of 155526?
2, 3, 7, 23
List the prime factors of 994157.
937, 1061
What are the prime factors of 110200?
2, 5, 19, 29
List the prime factors of 8248037.
7, 593, 1987
What are the prime factors of 66486?
2, 3, 7, 1583
What are the prime factors of 4083133?
1019, 4007
What are the prime factors of 4419075?
3, 5, 58921
List the prime factors of 21378.
2, 3, 7, 509
List the prime factors of 2690033.
293, 9181
List the prime factors of 9091008.
2, 3, 5261
What are the prime factors of 458027?
458027
List the prime factors of 343629.
3, 11, 13, 89
List the prime factors of 559203.
3, 53, 3517
List the prime factors of 305560.
2, 5, 7639
What are the prime factors of 1092179?
11, 99289
What are the prime factors of 2836455?
3, 5, 263, 719
List the prime factors of 7578825.
3, 5, 101051
List the prime factors of 243281.
29, 8389
What are the prime factors of 355071?
3, 71, 1667
What are the prime factors of 593782?
2, 7, 73, 83
List the prime factors of 334991.
334991
What are the prime factors of 8965117?
7, 601, 2131
What are the prime factors of 101417?
37, 2741
List the prime factors of 6074484.
2, 3, 13, 23, 1693
What are the prime factors of 12671023?
12671023
List the prime factors of 844231.
41, 59, 349
What are the prime factors of 1078223?
139, 7757
What are the prime factors of 720615?
3, 5, 7, 6863
List the prime factors of 3507995.
5, 79, 83, 107
What are the prime factors of 265245?
3, 5, 17683
List the prime factors of 4584820.
2, 5, 23, 9967
List the prime factors of 103459.
307, 337
List the prime factors of 4743864.
2, 3, 41, 1607
What are the prime factors of 16782563?
7, 31, 77339
What are the prime factors of 185674?
2, 17, 43, 127
What are the prime factors of 3170239?
67, 47317
List the prime factors of 1694061.
3, 62743
What are the prime factors of 6514216?
2, 31, 26267
List the prime factors of 14492004.
2, 3, 31, 163, 239
What are the prime factors of 110695?
5, 13, 131
List the prime factors of 154180.
2, 5, 13, 593
What are the prime factors of 1075013?
1075013
What are the prime factors of 10325956?
2, 71, 103, 353
What are the prime factors of 16880102?
2, 1237, 6823
What are the prime factors of 690615?
3, 5, 103, 149
What are the prime factors of 72116?
2, 11, 149
What are the prime factors of 137674?
2, 19, 3623
List the prime factors of 32811.
3, 10937
List the prime factors of 82210.
2, 5, 8221
List the prime factors of 2828731.
2828731
List the prime factors of 349035.
3, 5, 23269
What are the prime factors of 1672513?
19, 41, 113
What are the prime factors of 37091?
29, 1279
What are the prime factors of 10546331?
10546331
What are the prime factors of 1116490?
2, 5, 311, 359
List the prime factors of 9435431.
53, 3359
What are the prime factors of 4208793?
3, 23, 181, 337
List the prime factors of 8713337.
137, 63601
List the prime factors of 3401679.
3, 1133893
List the prime factors of 8659947.
3, 2886649
List the prime factors of 1402132.
2, 167, 2099
What are the prime factors of 16692873?
3, 263, 21157
List the prime factors of 48918.
2, 3, 31, 263
List the prime factors of 21002.
2, 10501
What are the prime factors of 2340375?
3, 5, 79
List the prime factors of 18173.
17, 1069
What are the prime factors of 14593788?
2, 3, 11, 137, 269
List the prime factors of 6699936.
2, 3, 101, 691
What are the prime factors of 230449?
230449
What are the prime factors of 2457018?
2, 3, 136501
What are the prime factors of 1026742?
2, 513371
What are the prime factors of 1568552?
2, 29, 6761
List the prime factors of 118515.
3, 5, 7901
List the prime factors of 3048164.
2, 7, 108863
List the prime factors of 12167243.
11, 61, 18133
What are the prime factors of 4891?
67, 73
List the prime factors of 1023889.
661, 1549
What are the prime factors of 2526046?
2, 547, 2309
List the prime factors of 193240.
2, 5, 4831
What are the prime factors of 8104995?
3, 5, 60037
List the prime factors of 9423.
3, 349
What are the prime factors of 129319?
17, 7607
List the prime factors of 10718371.
29, 61, 73, 83
List the prime factors of 12207656.
2, 1525957
What are the prime factors of 2517054?
2, 3, 17, 24677
List the prime factors of 551944.
2, 68993
List the prime factors of 3807459.
3, 83, 1699
List the prime factors of 432591.
3, 41, 3517
What are the prime factors of 8978344?
2, 31, 41, 883
List the prime factors of 993553.
11, 41, 2203
List the prime factors of 219719.
23, 41, 233
List the prime factors of 548910.
2, 3, 5, 19, 107
List the prime factors of 5428251.
3, 227, 2657
List the prime factors of 33859.
7, 691
List the prime factors of 1048142.
2, 524071
List the prime factors of 2528774.
2, 1264387
List the prime factors of 10451077.
7, 13, 114847
List the prime factors of 4668279.
3, 7, 11, 2887
What are the prime factors of 1466950?
2, 5, 29339
List the prime factors of 146370.
2, 3, 5, 7, 17, 41
What are the prime factors of 7454682?
2, 3, 29, 14281
What are the prime factors of 10444497?
3, 7, 227, 313
List the prime factors of 72912.
2, 3, 7, 31
What are the prime factors of 8277686?
2, 4138843
What are the prime factors of 5986351?
7, 743, 1151
List the prime factors of 483623.
7, 59, 1171
What are the prime factors of 1099354?
2, 23, 23899
List the prime factors of 22511733.
3, 23, 326257
What are the prime factors of 15133542?
2, 3, 2522257
What are the prime factors of 968585?
5, 307, 631
List the prime factors of 2331676.
2, 593, 983
What are the prime factors of 13199527?
11, 47, 211
What are the prime factors of 1815603?
3, 29, 41, 509
List the prime factors of 22583.
11, 2053
List the prime factors of 5911815.
3, 5, 7, 13, 61, 71
List the prime factors of 2327174.
2, 1163587
What are the prime factors of 164030?
2, 5, 47, 349
What are the prime factors of 1093934?
2, 546967
List the prime factors of 3681690.
2, 3, 5, 17, 7219
List the prime factors of 69320.
2, 5, 1733
What are the prime factors of 824773?
824773
List the prime factors of 848141.
7, 19, 911
What are the prime factors of 9941034?
2, 3, 1656839
List the prime factors of 3078244.
2, 13, 59197
List the prime factors of 21659.
11, 179
What are the prime factors of 545712?
2, 3, 11369
List the prime factors of 579675.
3, 5, 59, 131
What are the prime factors of 482132?
2, 7, 67, 257
List the prime factors of 458585.
5, 41, 2237
List the prime factors of 5155872.
2, 3, 43, 1249
List the prime factors of 3106998.
2, 3, 2131
List the prime factors of 8173377.
3, 908153
What are the prime factors of 424373?
23, 18451
What are the prime factors of 75617?
75617
List the prime factors of 248186.
2, 31, 4003
List the prime factors of 5887827.
3, 11, 59473
List the prime factors of 235901.
235901
List the prime factors of 2283663.
3, 29, 26249
List the prime factors of 5907120.
2, 3, 5, 151, 163
What are the prime factors of 4755572?
2, 23, 51691
List the prime factors of 2854194.
2, 3, 7, 67957
List the prime factors of 193041.
3, 89, 241
What are the p